- -1) + 51?
45
What is 2 - -29 - (78 - (-37 + -1))?
-85
Evaluate -5 - ((27 + -23 - -21) + -38).
8
What is the value of (-7 - 9 - ((-4 - 1) + 9)) + 11?
-9
Evaluate 13 - (35 - (-15 - (19 + -14))).
-42
What is the value of -752 + 711 - (6 + -2 - 24)?
-21
Evaluate -3064 + 3134 + 1 + -177.
-106
What is the value of -59 - -63 - 13 - -48?
39
Evaluate (-34 - (-82 + 30 - -13)) + 95.
100
-18 + (17 - (-64 + (46 - 22)))
39
Calculate (48 + -90 - -74) + -107.
-75
What is the value of (-13 - -12 - -9) + (5 + 7 - 1) + 78?
97
6 - (-70 + -7 + 19 + -9)
73
What is the value of (89 - 179 - -79) + 1 + 3 + -46?
-53
Evaluate -13 - (-6 + -13 - (-11 + 9 - 1 - 4)).
-1
Calculate (1 - 53) + (920 - 843).
25
What is the value of -11 + 7 - ((0 - -26) + 15 + -8 + -7)?
-30
Calculate (6 + 1 + 1 - -5) + (-33 - -17 - -17).
14
What is -73 - (7 + -34 - 16)?
-30
What is (45 + -51 - -82) + -64?
12
Evaluate -17 - (-62 - (22 + -16)).
51
What is 74 + -14 + (-41 + 60 - -25)?
104
What is 1615 + -1497 + (-1 - 59)?
58
What is 7 - (33 + -4) - (12 + 30 + -45)?
-19
What is (64 - -18 - 148) + 135?
69
What is the value of (-128 - -45 - -119) + (0 - 37)?
-1
What is the value of (342 - 365) + (3 - -2)?
-18
2190 + -2104 - ((2 - -5) + (6 - 3))
76
What is the value of 117 + 9 - (-46 + 118)?
54
What is (34 - 55) + 16 + -1 + 16 - -15?
25
What is the value of 0 + -40 + 20 + (19 - 39) + -3 + 7?
-36
5282 + -5249 - (63 + -1)
-29
What is the value of 21 + 49 + -40 + -20?
10
74 + (33 - 89) - (-10 + -1)
29
Calculate 8 + (-20 + -21 + (66 - 22) - (1 - -15)).
-5
Evaluate -1287 + 1269 + (-5 + 6 - -35).
18
Calculate -60 + 4 - (-79 - (-125 + 51)).
-51
Calculate 0 + 2 - ((38 - (-9 - (-26 + 3))) + 14).
-36
Evaluate -7 + 8 + (11 - 24) - (2 - (-134 - -2)).
-146
-56 + 78 - (-1 + 21) - 23
-21
Calculate -21 + 8 + -13 - (-19 - (-13 - (10 + -2))).
-28
What is 5 + -17 + -1 - (-24 - (13 + -13))?
11
Evaluate -79 + -9 + 77 + -1 + 18 - -15.
21
What is (0 - 6 - -3) + 20?
17
Calculate 7 - ((12 - 11) + -35 - -27).
14
What is the value of -14 - ((-12 - 6 - 17) + 14)?
7
(12 - (107 + (-4 - -4 - -1) + -12)) + 10
-74
Calculate -5 + (33 + -44 - (9 + 7)).
-32
What is 4 + (18 - 4) + (-34 - -24 - 100)?
-92
Calculate (3 + 20 + -42 - 38) + -26.
-83
Calculate -30 + (-76 + 16 - -34) + -5.
-61
Evaluate 9 + -22 + 22 + 3 + 13.
25
Calculate (14 - 1) + -27 + (-31 - -28) + 74.
57
Evaluate (33 - 13) + 0 - (26 - 38).
32
Evaluate -32 + (-23 - (12 - (18 - -35))).
-14
Evaluate -3 + (-55 - -41 - (4 - 9)) + -51 + -4.
-67
Evaluate 37 - (12 + (-4 - 11) + -5).
45
What is the value of -10 - -2 - (-14 + 9 + -4 + 3 + -5)?
3
-66 + (3 + 0 - (-523 + 544) - -12)
-72
What is the value of 95 - 136 - (10 + -4)?
-47
What is (1 - -8) + (33 - -5) + 9 + (-8 - -12)?
60
What is the value of -13 - (1 + -6 + -26 + 19 - (-149 + 4))?
-146
What is -9709 + 9730 + -54 + 1?
-32
Calculate (-1 + 29 - (388 - 424)) + (3 - 3).
64
What is (60 + -26 - 35) + (31 - (-1 + 2))?
29
Calculate 3 - (26 + -38) - 31 - (-2 - 50).
36
(-3 - -4) + 3 + 2 + -20 + -111
-125
Evaluate (-32 + 7 - 29) + (4 + 5 + -8 - -1).
-52
What is the value of 185 + -240 - (10 - 21)?
-44
Calculate -19 + (-24 - -18 - -29) + -71 + 1.
-66
Calculate 0 + 28 - 29 - (-9 + -2) - (3 - 25).
32
Calculate 28 - -5 - 2 - ((9 - (-11 - -26)) + 4).
33
What is (3 - 9) + -2 + 1 - (-77 + (17 - 11))?
64
3 + (-3 - -5) - (29 + -29 + 14)
-9
Evaluate -2 + 21 + -249 + 228 - 20.
-22
What is -7 + 56 + -16 + -33 + 0 + -11 + 77?
66
Evaluate -70 - (-43 + (-78 - -108)).
-57
Calculate 33 + (132 + -260 - (-14 - -4)).
-85
Calculate 18 + 35 + 115 + -89.
79
What is -115 - (-86 + 74) - -17?
-86
48 - (32 + (-15 - -62 - 75))
44
Calculate -7 + 57 + -56 + -23 + 0.
-29
-78 + 5 + -7 + (24 - 37) + (4 - -3)
-86
What is the value of 1 + 68 + -63 - (-3 - -4 - -124)?
-119
Calculate -25 + 1 + 1 + (-145 - -108).
-60
What is -3 + (-27 - (9 - (19 + -5))) + -5?
-30
-10 - (-2 - -2) - (-144 + 19 - -1)
114
Evaluate (94 + -10 - 48) + -26.
10
What is (1 - -62) + (-44 - (-1 + -20)) + 12?
52
3 + 36 - (16 + 4 - (-8 + 12))
23
Evaluate 38 + 15 - (56 + 10).
-13
What is (-29 + 14 - -51) + (6 - 2 - -5)?
45
Calculate (31 - 13 - -7) + (79 - 165).
-61
What is the value of 8 + 88 + -293 - -111?
-86
Evaluate (11 - (66 + 7)) + 73.
11
Evaluate -106 + 118 + (4 - (23 - -3)) - (0 + 59).
-69
What is the value of (6 - (0 - -1)) + (3 - 18) + -19?
-29
Evaluate -9 + (-4 - (-13 - 0)) + (9 - 7 - -73).
75
Calculate -1 + -3 - (39 - (-17 - -46)) - -11.
-3
What is the value of 31 - (49 - (46 + -38))?
-10
What is the value of (26 - -41) + (-9 - 4) + 38?
92
(-10 + 37 - 44) + 7 - -13
3
What is -10 + ((4 - -10) + -10 - -3) - 46?
-49
Evaluate 42 - (-56 - (-58 - 10)).
30
7 + ((16 - -2) + -1 - (-9 - -2))
31
Evaluate -10 - (-112 - -115 - -79).
-92
What is -2 + 54 - ((180 - 196) + 35)?
33
What is 16 - (10 - (-29 + 12 - -49))?
38
-4 - (16 + -9 + 19 - -11)
-41
Calculate 0 - (-1 + 3) - (37 - 39) - 3.
-3
Evaluate -19 - (14 - 39 - 1 - (-9 - 2)).
-4
Evaluate -10 + 298 + -198 + (-23 - -5 - -3).
75
Evaluate 10 + (0 - -7) + (21 - (36 - 6) - -9).
17
Evaluate (52 - (117 - 61)) + -6 + -1 - -5.
-6
Evaluate -24 + (39 - (20 - -3)) + 15.
7
What is the value of -61 - (-29 + -29 + -13)?
10
What is 371 - (352 - -80) - (9 + 0 - (-1 - -2))?
-69
-24 - (-53 + 13) - (46 - 66)
36
What is -16 + (-1 - 4) - (-717 + 714)?
-18
Evaluate 126 + (-9 - -29) + -20 + 4 + -2 + 7.
135
Evaluate -10 - (-9 + 10) - (6 - -45).
-62
Evaluate (-68 + 37 - 2) + -38 - 2.
-73
What is the value of 76 + -5 + -3 - (-4 - 6 - -19)?
59
-2 - (-14 - 71 - -125)
-42
What is 5 + 17 - 68 - 51?
-97
Calculate (12 - (-7 - -11)) + -7 - (29 - -9).
-37
What is -51 + (1 - -3) - (-11 + 13 - -8)?
-57
What is (-73 - -37) + 32 - 29 - -13?
-20
Calculate (-1 - -5 - -5 - (-85 - -85)) + -58.
-49
Evaluate 55 + -76 + (-7 - (-87 + 8)).
51
111 + -61 - 25 - 105
-80
11 - (7 - -4 - ((-8 - 2) + 4))
-6
Evaluate -3 + -41 + 32 + 30.
18
Evaluate 0 + -28 - (5 - (66 + -40)).
-7
(3 - -107) + 3 + 9 + (-16 + 54 - 60)
100
What is the value of 10 - (25 - 7) - -18 - (1 - -107)?
-98
What is (0 - (-1 + 7 + (-14 + 38 - 27))) + -53?
-56
What is the value of 115 + -10 - -24 - 50?
79
(8 + -38 - (248 + -325)) + 1 + -16
32
What is -214 - 18 - (209 + -312)?
-129
What is the value of -8 - (12 - (-1 + -9 + 5 + 4))?
-21
What is -3 - 2 - -3 - (-10 + 12 + -19)?
15
((-52 - -2) + -2 - (-506 + 497)) + -7
-50
Evaluate -104 + -9 - (-8 - 77).
-28
What is 7 + -116 - (77 + -306)?
120
Calculate (-5 - 50) + (1 - (-30 - -25)).
-49
-5904 + 5795 + (-1 - -90)
-20
What is the value of (6 - 13 - -7) + 8 + 3 + -54?
-43
What is the value of (-5 - -49) + (-1 - 11 - (9 - 16) - -3)?
42
(-4 - 14 - 0 - -13 - -6) + -11
-10
(16 + -10 - 12) + -48 + 6 + -1
-49
Calculate -46 + -55 + 40 + 33.
-28
3 + (1 + -17 - -2) - (-11 + 9)
-9
What is (11 - 50) + (-9 - ((-4 - -8) + -14 - -4))?
-42
What is the value of (1 + -12 + -6 - -17) + 4 + -10?
-6
Calculate 0 - (-12489 + 12495 + (18 - -1) + 0 + 0).
-25
Evaluate -35 + -2 + 0 + 3 - (-60 - (119 - 166)).
-21
What is the value of 112 + -121 - (-175 + 260)?
-94
Evaluate 27 + (-3 + -9 - ((9 - -36) + -38)).
8
Calculate (-20 - -14 - 3) + (-8 + (8 - 11) - -12).
-8
What is the value of -17 + 18 + -1 + 14 - -18?
32
Calculate (30 - (0 + 4 + 23)) + -3 + -81.
-81
Evaluate -72 + 0 + 20 + -9 + 9.
-52
What is 7 + 10 + -17 + -57 + 1 + -4 + 13?
-47
7 - (1 + 62) - -96
40
Calculate -51 + -41 + -10 + 175.
73
What is the value of -42 - (-9 + -46) - (8 + 3 + -1)?
3
What is the value of 14 + 3 + -6 + 6 + (2 - -3)?
22
What is the value of 857 - 861 - (-4 - (-1 + 3 + (4 - 3)))?
3
22 + -53 - (-171 - -122)
18
What is the value of (-31 - 6) + 8 + 77?
48
What is the value of -8 - (3 + -2 + -15 + 26 + -2 - 46)?
28
What is the value of (-5 + 28 - -1) + (-70 - -7)?
-39
What is the value of -72 + (29 - (10 - 3)) - -7?
-43
What is the value of 15 - (-1 + 117 + (333 - 318))?
-116
Calculate -2 + 2 + 10 - (-824 + 806).
28
What is -7 + -11 + 69 + -2 + -9?
40
What is 10 - 33 - (-43 + 25) - (-1 + 23)?
-27
Calculate (-11 + 20 - -18) + -49 - 35.
-57
Evaluate -21 + (4 - 119 - -49).
-87
Evaluate -37 + -47 + -53 + 70.
-67
Evaluate 2 + 2 + 3 + (-95 - -93) - 2.
3
What is 21 - ((-3 - (12 - 4)) + 8) - 4?
20
What is the value of 12 + 2 + (-99 - -79)?
-6
Calculate -39 + 3 + -38 + 23 + -2 + 24.
-29
Calculate 4 - (0 - -74) - (-16 + -27 + 48).
-75
Evaluate 97 + (-160 